{"id":2799,"date":"2016-12-19T16:41:51","date_gmt":"2016-12-19T15:41:51","guid":{"rendered":"http:\/\/rainman.at\/forschungsverein\/?page_id=2799"},"modified":"2017-02-06T01:47:29","modified_gmt":"2017-02-06T00:47:29","slug":"spenden","status":"publish","type":"page","link":"http:\/\/rainman.at\/forschung\/spenden\/","title":{"rendered":"Spenden"},"content":{"rendered":"<h2>Vielen Dank f\u00fcr Ihre Hilfe!<\/h2>\n<p>Wir freuen uns \u00fcber eine Spende direkt auf unser Spendenkonto:<br \/>\nVolksbank Nieder\u00f6sterreich AG<br \/>\nIBAN:\u00a0AT 65\u00a0 4715 0307 4101 0000<br \/>\nBIC: VBOEATWWNOM<\/p>\n<p>Gerne k\u00f6nnen Sie auch direkt und sicher per Paypal spenden, den Betrag k\u00f6nnen Sie frei w\u00e4hlen:<br \/>\n<div class='powr-paypal-button' id='28e47770_1486341205'><\/div><\/p>\n","protected":false},"excerpt":{"rendered":"<p>Vielen Dank f\u00fcr Ihre Hilfe! Wir freuen uns \u00fcber eine Spende direkt auf unser Spendenkonto: Volksbank Nieder\u00f6sterreich AG IBAN:\u00a0AT 65\u00a0 4715 0307 4101 0000 BIC: VBOEATWWNOM Gerne k\u00f6nnen Sie auch direkt und sicher per Paypal spenden, den Betrag k\u00f6nnen Sie frei w\u00e4hlen:<\/p>\n","protected":false},"author":1,"featured_media":0,"parent":0,"menu_order":0,"comment_status":"closed","ping_status":"closed","template":"","meta":{"_mi_skip_tracking":false,"footnotes":""},"class_list":["post-2799","page","type-page","status-publish","hentry"],"yoast_head":"<!-- This site is optimized with the Yoast SEO plugin v24.9 - https:\/\/yoast.com\/wordpress\/plugins\/seo\/ -->\n<title>Spenden - Forschungsverein rainman\u2019s home<\/title>\n<meta name=\"robots\" content=\"index, follow, max-snippet:-1, max-image-preview:large, max-video-preview:-1\" \/>\n<link rel=\"canonical\" href=\"http:\/\/rainman.at\/forschung\/spenden\/\" \/>\n<meta property=\"og:locale\" content=\"de_DE\" \/>\n<meta property=\"og:type\" content=\"article\" \/>\n<meta property=\"og:title\" content=\"Spenden - Forschungsverein rainman\u2019s home\" \/>\n<meta property=\"og:description\" content=\"Vielen Dank f\u00fcr Ihre Hilfe! Wir freuen uns \u00fcber eine Spende direkt auf unser Spendenkonto: Volksbank Nieder\u00f6sterreich AG IBAN:\u00a0AT 65\u00a0 4715 0307 4101 0000 BIC: VBOEATWWNOM Gerne k\u00f6nnen Sie auch direkt und sicher per Paypal spenden, den Betrag k\u00f6nnen Sie frei w\u00e4hlen:\" \/>\n<meta property=\"og:url\" content=\"http:\/\/rainman.at\/forschung\/spenden\/\" \/>\n<meta property=\"og:site_name\" content=\"Forschungsverein rainman\u2019s home\" \/>\n<meta property=\"article:modified_time\" content=\"2017-02-06T00:47:29+00:00\" \/>\n<meta name=\"twitter:card\" content=\"summary_large_image\" \/>\n<script type=\"application\/ld+json\" class=\"yoast-schema-graph\">{\"@context\":\"https:\/\/schema.org\",\"@graph\":[{\"@type\":\"WebPage\",\"@id\":\"http:\/\/rainman.at\/forschung\/spenden\/\",\"url\":\"http:\/\/rainman.at\/forschung\/spenden\/\",\"name\":\"Spenden - Forschungsverein rainman\u2019s home\",\"isPartOf\":{\"@id\":\"https:\/\/rainman.at\/forschung\/#website\"},\"datePublished\":\"2016-12-19T15:41:51+00:00\",\"dateModified\":\"2017-02-06T00:47:29+00:00\",\"breadcrumb\":{\"@id\":\"http:\/\/rainman.at\/forschung\/spenden\/#breadcrumb\"},\"inLanguage\":\"de\",\"potentialAction\":[{\"@type\":\"ReadAction\",\"target\":[\"http:\/\/rainman.at\/forschung\/spenden\/\"]}]},{\"@type\":\"BreadcrumbList\",\"@id\":\"http:\/\/rainman.at\/forschung\/spenden\/#breadcrumb\",\"itemListElement\":[{\"@type\":\"ListItem\",\"position\":1,\"name\":\"Startseite\",\"item\":\"https:\/\/rainman.at\/forschung\/\"},{\"@type\":\"ListItem\",\"position\":2,\"name\":\"Spenden\"}]},{\"@type\":\"WebSite\",\"@id\":\"https:\/\/rainman.at\/forschung\/#website\",\"url\":\"https:\/\/rainman.at\/forschung\/\",\"name\":\"Forschungsverein rainman\u2019s home\",\"description\":\"Forschungsverein rainman\u2019s home\",\"potentialAction\":[{\"@type\":\"SearchAction\",\"target\":{\"@type\":\"EntryPoint\",\"urlTemplate\":\"https:\/\/rainman.at\/forschung\/?s={search_term_string}\"},\"query-input\":{\"@type\":\"PropertyValueSpecification\",\"valueRequired\":true,\"valueName\":\"search_term_string\"}}],\"inLanguage\":\"de\"}]}<\/script>\n<!-- \/ Yoast SEO plugin. -->","yoast_head_json":{"title":"Spenden - Forschungsverein rainman\u2019s home","robots":{"index":"index","follow":"follow","max-snippet":"max-snippet:-1","max-image-preview":"max-image-preview:large","max-video-preview":"max-video-preview:-1"},"canonical":"http:\/\/rainman.at\/forschung\/spenden\/","og_locale":"de_DE","og_type":"article","og_title":"Spenden - Forschungsverein rainman\u2019s home","og_description":"Vielen Dank f\u00fcr Ihre Hilfe! Wir freuen uns \u00fcber eine Spende direkt auf unser Spendenkonto: Volksbank Nieder\u00f6sterreich AG IBAN:\u00a0AT 65\u00a0 4715 0307 4101 0000 BIC: VBOEATWWNOM Gerne k\u00f6nnen Sie auch direkt und sicher per Paypal spenden, den Betrag k\u00f6nnen Sie frei w\u00e4hlen:","og_url":"http:\/\/rainman.at\/forschung\/spenden\/","og_site_name":"Forschungsverein rainman\u2019s home","article_modified_time":"2017-02-06T00:47:29+00:00","twitter_card":"summary_large_image","schema":{"@context":"https:\/\/schema.org","@graph":[{"@type":"WebPage","@id":"http:\/\/rainman.at\/forschung\/spenden\/","url":"http:\/\/rainman.at\/forschung\/spenden\/","name":"Spenden - Forschungsverein rainman\u2019s home","isPartOf":{"@id":"https:\/\/rainman.at\/forschung\/#website"},"datePublished":"2016-12-19T15:41:51+00:00","dateModified":"2017-02-06T00:47:29+00:00","breadcrumb":{"@id":"http:\/\/rainman.at\/forschung\/spenden\/#breadcrumb"},"inLanguage":"de","potentialAction":[{"@type":"ReadAction","target":["http:\/\/rainman.at\/forschung\/spenden\/"]}]},{"@type":"BreadcrumbList","@id":"http:\/\/rainman.at\/forschung\/spenden\/#breadcrumb","itemListElement":[{"@type":"ListItem","position":1,"name":"Startseite","item":"https:\/\/rainman.at\/forschung\/"},{"@type":"ListItem","position":2,"name":"Spenden"}]},{"@type":"WebSite","@id":"https:\/\/rainman.at\/forschung\/#website","url":"https:\/\/rainman.at\/forschung\/","name":"Forschungsverein rainman\u2019s home","description":"Forschungsverein rainman\u2019s home","potentialAction":[{"@type":"SearchAction","target":{"@type":"EntryPoint","urlTemplate":"https:\/\/rainman.at\/forschung\/?s={search_term_string}"},"query-input":{"@type":"PropertyValueSpecification","valueRequired":true,"valueName":"search_term_string"}}],"inLanguage":"de"}]}},"_links":{"self":[{"href":"http:\/\/rainman.at\/forschung\/wp-json\/wp\/v2\/pages\/2799","targetHints":{"allow":["GET"]}}],"collection":[{"href":"http:\/\/rainman.at\/forschung\/wp-json\/wp\/v2\/pages"}],"about":[{"href":"http:\/\/rainman.at\/forschung\/wp-json\/wp\/v2\/types\/page"}],"author":[{"embeddable":true,"href":"http:\/\/rainman.at\/forschung\/wp-json\/wp\/v2\/users\/1"}],"replies":[{"embeddable":true,"href":"http:\/\/rainman.at\/forschung\/wp-json\/wp\/v2\/comments?post=2799"}],"version-history":[{"count":4,"href":"http:\/\/rainman.at\/forschung\/wp-json\/wp\/v2\/pages\/2799\/revisions"}],"predecessor-version":[{"id":2865,"href":"http:\/\/rainman.at\/forschung\/wp-json\/wp\/v2\/pages\/2799\/revisions\/2865"}],"wp:attachment":[{"href":"http:\/\/rainman.at\/forschung\/wp-json\/wp\/v2\/media?parent=2799"}],"curies":[{"name":"wp","href":"https:\/\/api.w.org\/{rel}","templated":true}]}}