{"id":2793,"date":"2016-12-19T16:40:30","date_gmt":"2016-12-19T15:40:30","guid":{"rendered":"http:\/\/rainman.at\/forschungsverein\/?page_id=2793"},"modified":"2017-02-05T16:44:08","modified_gmt":"2017-02-05T15:44:08","slug":"organisation","status":"publish","type":"page","link":"http:\/\/rainman.at\/forschung\/organisation\/","title":{"rendered":"Organisation"},"content":{"rendered":"<p><strong>Organisation<\/strong><\/p>\n<p>Die ausschlie\u00dfliche T\u00e4tigkeit des Forschungsvereins Rainman\u2019s Home richtet sich auf wissenschaftliches Arbeiten zum Thema Autismus. Dazu ist es notwendig, jene Mittel aufzubringen, die es erm\u00f6glichen, Forschungsaufgaben durchf\u00fchren zu k\u00f6nnen und deren Ergebnisse zu ver\u00f6ffentlichen.<\/p>\n<p>Weiters z\u00e4hlt es zu seinen Aufgaben, wissenschaftliche Kontakte zu anderen Organisationen oder Personen herzustellen und zu pflegen. Dazu z\u00e4hlen auch eigene Veranstaltungen (z. B. Symposien), die dem fachlichen Gedankenaustausch dienen. Auch die Nutzung neuer Technologien (Internet) wird ausdr\u00fccklich als Mittel zur Erreichung des Vereinszwecks definiert. Generell wird angestrebt, die M\u00f6glichkeiten der \u00f6ffentlichen Medien gezielt zu nutzen.<\/p>\n<p>Unser Bestreben ist es auch, die internationale Vernetzung Schritt f\u00fcr Schritt auszubauen. Rainman\u2019s Home ist seit Jahren bei den gro\u00dfen internationalen Veranstaltungen von EACD (European Academy of Childhood Disability) und Autism Europe gesch\u00e4tzter Gast. Wir pr\u00e4sentierten unser Modell und unsere Konzepte und erreichten damit gro\u00dfe Anerkennung.<\/p>\n","protected":false},"excerpt":{"rendered":"<p>Organisation Die ausschlie\u00dfliche T\u00e4tigkeit des Forschungsvereins Rainman\u2019s Home richtet sich auf wissenschaftliches Arbeiten zum Thema Autismus. Dazu ist es notwendig, jene Mittel aufzubringen, die es erm\u00f6glichen, Forschungsaufgaben durchf\u00fchren zu k\u00f6nnen und deren Ergebnisse zu ver\u00f6ffentlichen. Weiters z\u00e4hlt es zu seinen Aufgaben, wissenschaftliche Kontakte zu anderen Organisationen oder Personen herzustellen und zu pflegen. Dazu z\u00e4hlen auch &hellip; <a href=\"http:\/\/rainman.at\/forschung\/organisation\/\" class=\"more-link\">weiterlesen <span class=\"screen-reader-text\">Organisation<\/span><\/a><\/p>\n","protected":false},"author":1,"featured_media":2813,"parent":0,"menu_order":0,"comment_status":"closed","ping_status":"closed","template":"","meta":{"_mi_skip_tracking":false,"footnotes":""},"class_list":["post-2793","page","type-page","status-publish","has-post-thumbnail","hentry"],"yoast_head":"<!-- This site is optimized with the Yoast SEO plugin v24.9 - https:\/\/yoast.com\/wordpress\/plugins\/seo\/ -->\n<title>Organisation - Forschungsverein rainman\u2019s home<\/title>\n<meta name=\"robots\" content=\"index, follow, max-snippet:-1, max-image-preview:large, max-video-preview:-1\" \/>\n<link rel=\"canonical\" href=\"http:\/\/rainman.at\/forschung\/organisation\/\" \/>\n<meta property=\"og:locale\" content=\"de_DE\" \/>\n<meta property=\"og:type\" content=\"article\" \/>\n<meta property=\"og:title\" content=\"Organisation - Forschungsverein rainman\u2019s home\" \/>\n<meta property=\"og:description\" content=\"Organisation Die ausschlie\u00dfliche T\u00e4tigkeit des Forschungsvereins Rainman\u2019s Home richtet sich auf wissenschaftliches Arbeiten zum Thema Autismus. Dazu ist es notwendig, jene Mittel aufzubringen, die es erm\u00f6glichen, Forschungsaufgaben durchf\u00fchren zu k\u00f6nnen und deren Ergebnisse zu ver\u00f6ffentlichen. Weiters z\u00e4hlt es zu seinen Aufgaben, wissenschaftliche Kontakte zu anderen Organisationen oder Personen herzustellen und zu pflegen. Dazu z\u00e4hlen auch &hellip; weiterlesen Organisation\" \/>\n<meta property=\"og:url\" content=\"http:\/\/rainman.at\/forschung\/organisation\/\" \/>\n<meta property=\"og:site_name\" content=\"Forschungsverein rainman\u2019s home\" \/>\n<meta property=\"article:modified_time\" content=\"2017-02-05T15:44:08+00:00\" \/>\n<meta property=\"og:image\" content=\"http:\/\/rainman.at\/forschungsverein\/wp-content\/uploads\/2016\/12\/rainman-publikum.png\" \/>\n\t<meta property=\"og:image:width\" content=\"1000\" \/>\n\t<meta property=\"og:image:height\" content=\"357\" \/>\n\t<meta property=\"og:image:type\" content=\"image\/png\" \/>\n<meta name=\"twitter:card\" content=\"summary_large_image\" \/>\n<meta name=\"twitter:label1\" content=\"Gesch\u00e4tzte Lesezeit\" \/>\n\t<meta name=\"twitter:data1\" content=\"1\u00a0Minute\" \/>\n<script type=\"application\/ld+json\" class=\"yoast-schema-graph\">{\"@context\":\"https:\/\/schema.org\",\"@graph\":[{\"@type\":\"WebPage\",\"@id\":\"http:\/\/rainman.at\/forschung\/organisation\/\",\"url\":\"http:\/\/rainman.at\/forschung\/organisation\/\",\"name\":\"Organisation - Forschungsverein rainman\u2019s home\",\"isPartOf\":{\"@id\":\"https:\/\/rainman.at\/forschung\/#website\"},\"primaryImageOfPage\":{\"@id\":\"http:\/\/rainman.at\/forschung\/organisation\/#primaryimage\"},\"image\":{\"@id\":\"http:\/\/rainman.at\/forschung\/organisation\/#primaryimage\"},\"thumbnailUrl\":\"http:\/\/rainman.at\/forschungsverein\/wp-content\/uploads\/2016\/12\/rainman-publikum.png\",\"datePublished\":\"2016-12-19T15:40:30+00:00\",\"dateModified\":\"2017-02-05T15:44:08+00:00\",\"breadcrumb\":{\"@id\":\"http:\/\/rainman.at\/forschung\/organisation\/#breadcrumb\"},\"inLanguage\":\"de\",\"potentialAction\":[{\"@type\":\"ReadAction\",\"target\":[\"http:\/\/rainman.at\/forschung\/organisation\/\"]}]},{\"@type\":\"ImageObject\",\"inLanguage\":\"de\",\"@id\":\"http:\/\/rainman.at\/forschung\/organisation\/#primaryimage\",\"url\":\"http:\/\/rainman.at\/forschungsverein\/wp-content\/uploads\/2016\/12\/rainman-publikum.png\",\"contentUrl\":\"http:\/\/rainman.at\/forschungsverein\/wp-content\/uploads\/2016\/12\/rainman-publikum.png\",\"width\":1000,\"height\":357},{\"@type\":\"BreadcrumbList\",\"@id\":\"http:\/\/rainman.at\/forschung\/organisation\/#breadcrumb\",\"itemListElement\":[{\"@type\":\"ListItem\",\"position\":1,\"name\":\"Startseite\",\"item\":\"https:\/\/rainman.at\/forschung\/\"},{\"@type\":\"ListItem\",\"position\":2,\"name\":\"Organisation\"}]},{\"@type\":\"WebSite\",\"@id\":\"https:\/\/rainman.at\/forschung\/#website\",\"url\":\"https:\/\/rainman.at\/forschung\/\",\"name\":\"Forschungsverein rainman\u2019s home\",\"description\":\"Forschungsverein rainman\u2019s home\",\"potentialAction\":[{\"@type\":\"SearchAction\",\"target\":{\"@type\":\"EntryPoint\",\"urlTemplate\":\"https:\/\/rainman.at\/forschung\/?s={search_term_string}\"},\"query-input\":{\"@type\":\"PropertyValueSpecification\",\"valueRequired\":true,\"valueName\":\"search_term_string\"}}],\"inLanguage\":\"de\"}]}<\/script>\n<!-- \/ Yoast SEO plugin. -->","yoast_head_json":{"title":"Organisation - Forschungsverein rainman\u2019s home","robots":{"index":"index","follow":"follow","max-snippet":"max-snippet:-1","max-image-preview":"max-image-preview:large","max-video-preview":"max-video-preview:-1"},"canonical":"http:\/\/rainman.at\/forschung\/organisation\/","og_locale":"de_DE","og_type":"article","og_title":"Organisation - Forschungsverein rainman\u2019s home","og_description":"Organisation Die ausschlie\u00dfliche T\u00e4tigkeit des Forschungsvereins Rainman\u2019s Home richtet sich auf wissenschaftliches Arbeiten zum Thema Autismus. Dazu ist es notwendig, jene Mittel aufzubringen, die es erm\u00f6glichen, Forschungsaufgaben durchf\u00fchren zu k\u00f6nnen und deren Ergebnisse zu ver\u00f6ffentlichen. Weiters z\u00e4hlt es zu seinen Aufgaben, wissenschaftliche Kontakte zu anderen Organisationen oder Personen herzustellen und zu pflegen. Dazu z\u00e4hlen auch &hellip; weiterlesen Organisation","og_url":"http:\/\/rainman.at\/forschung\/organisation\/","og_site_name":"Forschungsverein rainman\u2019s home","article_modified_time":"2017-02-05T15:44:08+00:00","og_image":[{"width":1000,"height":357,"url":"http:\/\/rainman.at\/forschungsverein\/wp-content\/uploads\/2016\/12\/rainman-publikum.png","type":"image\/png"}],"twitter_card":"summary_large_image","twitter_misc":{"Gesch\u00e4tzte Lesezeit":"1\u00a0Minute"},"schema":{"@context":"https:\/\/schema.org","@graph":[{"@type":"WebPage","@id":"http:\/\/rainman.at\/forschung\/organisation\/","url":"http:\/\/rainman.at\/forschung\/organisation\/","name":"Organisation - Forschungsverein rainman\u2019s home","isPartOf":{"@id":"https:\/\/rainman.at\/forschung\/#website"},"primaryImageOfPage":{"@id":"http:\/\/rainman.at\/forschung\/organisation\/#primaryimage"},"image":{"@id":"http:\/\/rainman.at\/forschung\/organisation\/#primaryimage"},"thumbnailUrl":"http:\/\/rainman.at\/forschungsverein\/wp-content\/uploads\/2016\/12\/rainman-publikum.png","datePublished":"2016-12-19T15:40:30+00:00","dateModified":"2017-02-05T15:44:08+00:00","breadcrumb":{"@id":"http:\/\/rainman.at\/forschung\/organisation\/#breadcrumb"},"inLanguage":"de","potentialAction":[{"@type":"ReadAction","target":["http:\/\/rainman.at\/forschung\/organisation\/"]}]},{"@type":"ImageObject","inLanguage":"de","@id":"http:\/\/rainman.at\/forschung\/organisation\/#primaryimage","url":"http:\/\/rainman.at\/forschungsverein\/wp-content\/uploads\/2016\/12\/rainman-publikum.png","contentUrl":"http:\/\/rainman.at\/forschungsverein\/wp-content\/uploads\/2016\/12\/rainman-publikum.png","width":1000,"height":357},{"@type":"BreadcrumbList","@id":"http:\/\/rainman.at\/forschung\/organisation\/#breadcrumb","itemListElement":[{"@type":"ListItem","position":1,"name":"Startseite","item":"https:\/\/rainman.at\/forschung\/"},{"@type":"ListItem","position":2,"name":"Organisation"}]},{"@type":"WebSite","@id":"https:\/\/rainman.at\/forschung\/#website","url":"https:\/\/rainman.at\/forschung\/","name":"Forschungsverein rainman\u2019s home","description":"Forschungsverein rainman\u2019s home","potentialAction":[{"@type":"SearchAction","target":{"@type":"EntryPoint","urlTemplate":"https:\/\/rainman.at\/forschung\/?s={search_term_string}"},"query-input":{"@type":"PropertyValueSpecification","valueRequired":true,"valueName":"search_term_string"}}],"inLanguage":"de"}]}},"_links":{"self":[{"href":"http:\/\/rainman.at\/forschung\/wp-json\/wp\/v2\/pages\/2793","targetHints":{"allow":["GET"]}}],"collection":[{"href":"http:\/\/rainman.at\/forschung\/wp-json\/wp\/v2\/pages"}],"about":[{"href":"http:\/\/rainman.at\/forschung\/wp-json\/wp\/v2\/types\/page"}],"author":[{"embeddable":true,"href":"http:\/\/rainman.at\/forschung\/wp-json\/wp\/v2\/users\/1"}],"replies":[{"embeddable":true,"href":"http:\/\/rainman.at\/forschung\/wp-json\/wp\/v2\/comments?post=2793"}],"version-history":[{"count":2,"href":"http:\/\/rainman.at\/forschung\/wp-json\/wp\/v2\/pages\/2793\/revisions"}],"predecessor-version":[{"id":2811,"href":"http:\/\/rainman.at\/forschung\/wp-json\/wp\/v2\/pages\/2793\/revisions\/2811"}],"wp:featuredmedia":[{"embeddable":true,"href":"http:\/\/rainman.at\/forschung\/wp-json\/wp\/v2\/media\/2813"}],"wp:attachment":[{"href":"http:\/\/rainman.at\/forschung\/wp-json\/wp\/v2\/media?parent=2793"}],"curies":[{"name":"wp","href":"https:\/\/api.w.org\/{rel}","templated":true}]}}